{"id":9929,"date":"2024-03-04T20:10:40","date_gmt":"2024-03-04T18:10:40","guid":{"rendered":"https:\/\/shop.autom8connect.com\/?post_type=product&#038;p=9929"},"modified":"2024-03-06T13:16:06","modified_gmt":"2024-03-06T11:16:06","slug":"contor-inteligent-monofazat-shelly-pro-em-cu-2-canale","status":"publish","type":"product","link":"https:\/\/shop.autom8connect.com\/?product=contor-inteligent-monofazat-shelly-pro-em-cu-2-canale","title":{"rendered":"Contor inteligent monofazat Shelly Pro EM cu 2 canale"},"content":{"rendered":"<p dir=\"ltr\" data-placeholder=\"Traducere\">Contor de energie Wi-Fi cu control contactor<br \/>\nShelly Pro EM-50 este un contor de energie monofazat, cu dou\u0103 canale, montat pe \u0219in\u0103 DIN. Are un comutator integrat cu contacte uscate pentru controlul contactorului.<\/p>\n<p dir=\"ltr\" data-placeholder=\"Traducere\">Conexiune LAN, Wi-Fi \u0219i Bluetooth pentru securitate \u0219i fiabilitate ridicate<br \/>\nRaporteaz\u0103 energia acumulat\u0103, precum \u0219i tensiunea instantanee, curentul, puterea activ\u0103 \u0219i aparent\u0103 pe faz\u0103 \u00een timp real<br \/>\nM\u0103surarea puterii &#8211; dou\u0103 canale de m\u0103surare independente pe aceea\u0219i faz\u0103<br \/>\nM\u0103surarea cu 4 cuadrante cu indicarea impulsului optic a consumului de energie<br \/>\nPoate fi folosit cu contactori pentru sarcini mai mari<br \/>\nClasa de precizie B (IEC 62053-21)<br \/>\nGata fotovoltaic<br \/>\nStocheaz\u0103 date \u00een memoria nevolatil\u0103 care pot fi preluate pentru o perioad\u0103 de p\u00e2n\u0103 la 60 de zile la intervale de 1 minut.<br \/>\nNu este nevoie de hub! Control u\u0219or prin aplica\u021bia Shelly Smart Control, majoritatea platformelor \u0219i protocoalelor, precum \u0219i asisten\u021bilor vocali. Folosi\u021bi-l cu Alexa, Home Assistant sau sistemul dvs. de automatizare preferat.<br \/>\nSuport\u0103 scripting, webhooks, MQTT, WebSocket, HTTPS, UDP, TLS \u0219i certificate personalizate \u0219i protocol Modbus TCP<br \/>\n*Pachetul include 2 buc\u0103\u021bi de transformatoare de curent de 50 A<\/p>\n","protected":false},"excerpt":{"rendered":"<p>De ad\u0103ugat de ce ne place contorul inteligent monofazat Shelly Pro EM cu 2 canale<\/p>\n","protected":false},"featured_media":9939,"comment_status":"open","ping_status":"closed","template":"","meta":[],"product_cat":[103],"product_tag":[108,97,93,96,95],"class_list":{"0":"post-9929","1":"product","2":"type-product","3":"status-publish","4":"has-post-thumbnail","6":"product_cat-contoare-inteligente","7":"product_tag-2-canale","8":"product_tag-home-assistant","9":"product_tag-shelly","10":"product_tag-smart","11":"product_tag-wifi","13":"first","14":"instock","15":"taxable","16":"shipping-taxable","17":"purchasable","18":"product-type-simple"},"_links":{"self":[{"href":"https:\/\/shop.autom8connect.com\/index.php?rest_route=\/wp\/v2\/product\/9929","targetHints":{"allow":["GET"]}}],"collection":[{"href":"https:\/\/shop.autom8connect.com\/index.php?rest_route=\/wp\/v2\/product"}],"about":[{"href":"https:\/\/shop.autom8connect.com\/index.php?rest_route=\/wp\/v2\/types\/product"}],"replies":[{"embeddable":true,"href":"https:\/\/shop.autom8connect.com\/index.php?rest_route=%2Fwp%2Fv2%2Fcomments&post=9929"}],"wp:featuredmedia":[{"embeddable":true,"href":"https:\/\/shop.autom8connect.com\/index.php?rest_route=\/wp\/v2\/media\/9939"}],"wp:attachment":[{"href":"https:\/\/shop.autom8connect.com\/index.php?rest_route=%2Fwp%2Fv2%2Fmedia&parent=9929"}],"wp:term":[{"taxonomy":"product_cat","embeddable":true,"href":"https:\/\/shop.autom8connect.com\/index.php?rest_route=%2Fwp%2Fv2%2Fproduct_cat&post=9929"},{"taxonomy":"product_tag","embeddable":true,"href":"https:\/\/shop.autom8connect.com\/index.php?rest_route=%2Fwp%2Fv2%2Fproduct_tag&post=9929"}],"curies":[{"name":"wp","href":"https:\/\/api.w.org\/{rel}","templated":true}]}}